the prime factors of 370392?
2, 3, 11, 23, 61
List the prime factors of 329775.
3, 5, 4397
What are the prime factors of 1192838?
2, 596419
What are the prime factors of 257151?
3, 85717
List the prime factors of 9687987.
3, 1076443
What are the prime factors of 403097?
403097
What are the prime factors of 7028?
2, 7, 251
List the prime factors of 31005168.
2, 3, 645941
List the prime factors of 212500.
2, 5, 17
What are the prime factors of 15990983?
15990983
What are the prime factors of 5897708?
2, 17, 43, 2017
What are the prime factors of 1515574?
2, 163, 4649
List the prime factors of 589713.
3, 17, 31, 373
List the prime factors of 8868869.
23, 167, 2309
List the prime factors of 823749.
3, 274583
List the prime factors of 445283.
445283
What are the prime factors of 193867?
23, 8429
List the prime factors of 232776.
2, 3, 53, 61
List the prime factors of 8211885.
3, 5, 11, 157, 317
What are the prime factors of 394024?
2, 49253
What are the prime factors of 1117009?
1117009
What are the prime factors of 2143260?
2, 3, 5, 7
List the prime factors of 10044368.
2, 627773
What are the prime factors of 4196746?
2, 67, 31319
List the prime factors of 99476.
2, 13, 1913
List the prime factors of 313092.
2, 3, 13, 223
What are the prime factors of 12089543?
569, 21247
What are the prime factors of 809838?
2, 3, 4999
List the prime factors of 13987570.
2, 5, 29, 139, 347
What are the prime factors of 123756?
2, 3, 10313
What are the prime factors of 1076307?
3, 358769
List the prime factors of 552571.
101, 5471
What are the prime factors of 992469?
3, 330823
What are the prime factors of 876585?
3, 5, 58439
List the prime factors of 2579628.
2, 3, 227, 947
What are the prime factors of 33032?
2, 4129
List the prime factors of 2481375.
3, 5, 13, 509
List the prime factors of 373228.
2, 93307
What are the prime factors of 6393750?
2, 3, 5, 11, 31
What are the prime factors of 3119105?
5, 11, 56711
What are the prime factors of 1216964?
2, 7, 887
What are the prime factors of 103970?
2, 5, 37, 281
List the prime factors of 9577401.
3, 1543, 2069
What are the prime factors of 2800371?
3, 7, 133351
List the prime factors of 1434509.
157, 9137
What are the prime factors of 33262783?
31, 683, 1571
List the prime factors of 2961944.
2, 17, 29, 751
List the prime factors of 3593573.
47, 157, 487
What are the prime factors of 176780?
2, 5, 8839
What are the prime factors of 37904?
2, 23, 103
List the prime factors of 11233749.
3, 31, 199, 607
List the prime factors of 11722895.
5, 37, 63367
What are the prime factors of 3905328?
2, 3, 7, 59, 197
What are the prime factors of 261139?
43, 6073
What are the prime factors of 100621?
100621
What are the prime factors of 186130?
2, 5, 7, 2659
What are the prime factors of 1583390?
2, 5, 191, 829
List the prime factors of 9820.
2, 5, 491
What are the prime factors of 7397326?
2, 3698663
List the prime factors of 565855.
5, 113171
What are the prime factors of 1589961?
3, 529987
What are the prime factors of 1233184?
2, 89, 433
List the prime factors of 9840389.
13, 23, 32911
List the prime factors of 555122.
2, 53, 5237
List the prime factors of 142994.
2, 19, 53, 71
What are the prime factors of 201166?
2, 7, 14369
List the prime factors of 10749224.
2, 1343653
What are the prime factors of 703335?
3, 5, 46889
List the prime factors of 656465.
5, 131293
List the prime factors of 10790993.
19, 567947
What are the prime factors of 348088?
2, 13, 3347
What are the prime factors of 38473?
79, 487
What are the prime factors of 11552656?
2, 17, 42473
List the prime factors of 390654.
2, 3, 11, 1973
What are the prime factors of 105849?
3, 19, 619
List the prime factors of 463455.
3, 5, 3433
List the prime factors of 6646114.
2, 59, 151, 373
What are the prime factors of 7965964?
2, 1991491
List the prime factors of 8728593.
3, 421, 6911
What are the prime factors of 6069087?
3, 31, 2417
List the prime factors of 3830574.
2, 3, 11, 127, 457
What are the prime factors of 20876948?
2, 173, 30169
What are the prime factors of 427746?
2, 3, 11, 6481
What are the prime factors of 30227138?
2, 19, 79, 10069
What are the prime factors of 6882370?
2, 5, 11, 19, 37, 89
What are the prime factors of 324574?
2, 162287
What are the prime factors of 322174?
2, 161087
List the prime factors of 11820776.
2, 11, 134327
List the prime factors of 8588337.
3, 743, 3853
What are the prime factors of 3292155?
3, 5, 149, 491
List the prime factors of 462951.
3, 51439
List the prime factors of 177648.
2, 3, 3701
List the prime factors of 4434329.
4434329
What are the prime factors of 182397?
3, 163, 373
List the prime factors of 79247.
7, 11321
What are the prime factors of 543317?
311, 1747
What are the prime factors of 2956886?
2, 1478443
List the prime factors of 592078.
2, 19, 15581
List the prime factors of 1073702.
2, 7, 271, 283
List the prime factors of 739034.
2, 59, 6263
List the prime factors of 4789283.
31, 154493
List the prime factors of 895491.
3, 29, 47, 73
List the prime factors of 480256.
2, 7, 67
List the prime factors of 192908.
2, 29, 1663
What are the prime factors of 9609630?
2, 3, 5, 19, 23, 733
List the prime factors of 351849.
3, 17, 6899
What are the prime factors of 230959?
230959
What are the prime factors of 3713343?
3, 239, 5179
List the prime factors of 2882139.
3, 13, 67, 1103
List the prime factors of 55902.
2, 3, 7, 11
List the prime factors of 103120.
2, 5, 1289
What are the prime factors of 11782849?
13, 113, 617
List the prime factors of 54058.
2, 151, 179
List the prime factors of 1091078.
2, 307, 1777
What are the prime factors of 7066168?
2, 47, 18793
What are the prime factors of 9484801?
107, 88643
List the prime factors of 5041202.
2, 2520601
List the prime factors of 3656525.
5, 37, 59, 67
What are the prime factors of 3325133?
7, 19, 23, 1087
What are the prime factors of 161524?
2, 11, 3671
List the prime factors of 38356.
2, 43, 223
List the prime factors of 2887961.
37, 89, 877
List the prime factors of 548092.
2, 263, 521
What are the prime factors of 4575130?
2, 5, 7, 9337
List the prime factors of 7640460.
2, 3, 5, 14149
List the prime factors of 55618.
2, 27809
What are the prime factors of 479315?
5, 17, 5639
What are the prime factors of 982304?
2, 30697
What are the prime factors of 8678464?
2, 135601
What are the prime factors of 408822?
2, 3, 61, 1117
List the prime factors of 2241426.
2, 3, 11, 33961
What are the prime factors of 3046642?
2, 59, 25819
List the prime factors of 498751.
11, 45341
What are the prime factors of 216687?
3, 72229
What are the prime factors of 342956?
2, 83, 1033
List the prime factors of 478083.
3, 159361
What are the prime factors of 2720655?
3, 5, 7, 2879
What are the prime factors of 1279086?
2, 3, 213181
List the prime factors of 208748.
2, 23, 2269
What are the prime factors of 1001596?
2, 241, 1039
List the prime factors of 2889424.
2, 419, 431
List the prime factors of 5070593.
11, 41, 11243
What are the prime factors of 7739031?
3, 37, 113, 617
What are the prime factors of 225200?
2, 5, 563
List the prime factors of 587777.
569, 1033
What are the prime factors of 244944?
2, 3, 7
What are the prime factors of 228068?
2, 23, 37, 67
List the prime factors of 16720.
2, 5, 11, 19
List the prime factors of 165949.
7, 151, 157
List the prime factors of 499984.
2, 31249
What are the prime factors of 101721?
3, 41, 827
List the prime factors of 383796.
2, 3, 7, 1523
What are the prime factors of 61989?
3, 20663
What are the prime factors of 2749307?
11, 109, 2293
What are the prime factors of 19746240?
2, 3, 5, 67, 307
What are the prime factors of 4707018?
2, 3, 67, 1301
List the prime factors of 39561.
3, 13187
List the prime factors of 2018156.
2, 7, 72077
List the prime factors of 6349363.
19, 334177
List the prime factors of 236985.
3, 5, 7, 37, 61
List the prime factors of 14591.
14591
What are the prime factors of 292433?
229, 1277
What are the prime factors of 409054?
2, 17, 53, 227
What are the prime factors of 3570233?
19, 187907
List the prime factors of 5462919.
3, 7, 11, 7883
List the prime factors of 1148720.
2, 5, 83, 173
What are the prime factors of 1978249?
7, 13, 21739
What are the prime factors of 1143381?
3, 127, 3001
What are t